red thousands digit of 48372981?
3
What is the tens digit of 2605639763?
6
What is the hundreds digit of 118756151?
1
What is the hundreds digit of 552161417?
4
What is the hundred thousands digit of 1233596312?
5
What is the hundred millions digit of 535468166?
5
What is the hundred thousands digit of 1339453295?
4
What is the thousands digit of 220582543?
2
What is the thousands digit of 2329357683?
7
What is the hundred thousands digit of 1531954846?
9
What is the units digit of 29944860?
0
What is the hundreds digit of 25143520?
5
What is the ten thousands digit of 151109184?
0
What is the hundred thousands digit of 4881065?
8
What is the tens digit of 18588199?
9
What is the units digit of 115636524?
4
What is the hundreds digit of 398769433?
4
What is the units digit of 65996351?
1
What is the billions digit of 5221992023?
5
What is the tens digit of 155740290?
9
What is the ten millions digit of 116219749?
1
What is the hundred thousands digit of 1219326448?
3
What is the ten millions digit of 2044777980?
4
What is the hundred thousands digit of 4758156051?
1
What is the billions digit of 3143469957?
3
What is the thousands digit of 115725264?
5
What is the hundreds digit of 346719270?
2
What is the thousands digit of 4156509?
6
What is the millions digit of 160798068?
0
What is the thousands digit of 1096975564?
5
What is the thousands digit of 121475175?
5
What is the hundred thousands digit of 1390467268?
4
What is the hundred thousands digit of 49215383?
2
What is the ten millions digit of 113542141?
1
What is the units digit of 678388158?
8
What is the hundred thousands digit of 1086099559?
0
What is the tens digit of 56578847?
4
What is the thousands digit of 41867495?
7
What is the hundreds digit of 35922015?
0
What is the tens digit of 2088126982?
8
What is the tens digit of 4931202441?
4
What is the ten thousands digit of 26902300?
0
What is the millions digit of 321415750?
1
What is the ten millions digit of 1704153688?
0
What is the thousands digit of 62207783?
7
What is the hundred millions digit of 2101283956?
1
What is the ten thousands digit of 12878029?
7
What is the millions digit of 77013901?
7
What is the units digit of 6321857322?
2
What is the hundred thousands digit of 90951356?
9
What is the hundreds digit of 1957609086?
0
What is the hundred thousands digit of 1865487137?
4
What is the ten thousands digit of 468144863?
4
What is the billions digit of 1235593484?
1
What is the hundreds digit of 39915245?
2
What is the millions digit of 750097184?
0
What is the hundred millions digit of 7998022068?
9
What is the units digit of 3927386950?
0
What is the tens digit of 135702148?
4
What is the hundreds digit of 835819812?
8
What is the units digit of 162885895?
5
What is the billions digit of 1692122744?
1
What is the billions digit of 4833103308?
4
What is the thousands digit of 301171918?
1
What is the ten millions digit of 2361951180?
6
What is the units digit of 74935714?
4
What is the thousands digit of 110816265?
6
What is the tens digit of 14017605?
0
What is the ten thousands digit of 1487064940?
6
What is the units digit of 71064967?
7
What is the hundred thousands digit of 50912258?
9
What is the tens digit of 5827070518?
1
What is the hundreds digit of 22059260?
2
What is the tens digit of 300249491?
9
What is the tens digit of 183945611?
1
What is the ten millions digit of 73302034?
7
What is the hundreds digit of 982139321?
3
What is the ten thousands digit of 1356666721?
6
What is the hundreds digit of 7750472992?
9
What is the thousands digit of 16863340?
3
What is the tens digit of 107039420?
2
What is the hundred thousands digit of 171985049?
9
What is the hundred millions digit of 422161980?
4
What is the hundreds digit of 8434474?
4
What is the ten thousands digit of 313341727?
4
What is the hundred thousands digit of 17413903?
4
What is the ten thousands digit of 91867272?
6
What is the hundreds digit of 180903773?
7
What is the ten millions digit of 429252811?
2
What is the ten thousands digit of 63810350?
1
What is the hundred thousands digit of 44312421?
3
What is the hundred thousands digit of 51983843?
9
What is the tens digit of 14280521?
2
What is the hundreds digit of 466704088?
0
What is the millions digit of 70660470?
0
What is the tens digit of 17091937?
3
What is the units digit of 1152161844?
4
What is the hundreds digit of 4454953?
9
What is the ten thousands digit of 343970406?
7
What is the ten millions digit of 3502104042?
0
What is the thousands digit of 22903678?
3
What is the hundred millions digit of 384694093?
3
What is the thousands digit of 80052234?
2
What is the ten millions digit of 1195113983?
9
What is the millions digit of 226554252?
6
What is the ten thousands digit of 1775342692?
4
What is the tens digit of 1777500324?
2
What is the ten thousands digit of 107625533?
2
What is the ten thousands digit of 1942064536?
6
What is the units digit of 15650993?
3
What is the hundreds digit of 1234621715?
7
What is the millions digit of 2006543806?
6
What is the millions digit of 250475364?
0
What is the millions digit of 5668699687?
8
What is the hundred millions digit of 373358333?
3
What is the ten millions digit of 3456414675?
5
What is the tens digit of 49888088?
8
What is the units digit of 39787887?
7
What is the hundreds digit of 932255335?
3
What is the ten thousands digit of 2870424124?
2
What is the thousands digit of 6379125401?
5
What is the millions digit of 4482468203?
2
What is the tens digit of 2304071644?
4
What is the hundred thousands digit of 1695255390?
2
What is the millions digit of 21371566?
1
What is the hundreds digit of 1448708562?
5
What is the millions digit of 4319919559?
9
What is the ten millions digit of 409475212?
0
What is the hundred thousands digit of 747364371?
3
What is the tens digit of 259219715?
1
What is the hundred thousands digit of 300788495?
7
What is the hundreds digit of 32684791?
7
What is the thousands digit of 4635628512?
8
What is the hundred millions digit of 972415877?
9
What is the hundred millions digit of 623872396?
6
What is the ten thousands digit of 108181940?
8
What is the hundred thousands digit of 1160365271?
3
What is the units digit of 24613415?
5
What is the hundred thousands digit of 81592190?
5
What is the hundred thousands digit of 868691932?
6
What is the hundreds digit of 189064124?
1
What is the ten millions digit of 121376401?
2
What is the hundreds digit of 1072152721?
7
What is the tens digit of 4473516?
1
What is the hundreds digit of 312653135?
1
What is the hundred millions digit of 2943489427?
9
What is the tens digit of 1788566204?
0
What is the hundred thousands digit of 979377144?
3
What is the hundred thousands digit of 35182948?
1
What is the hundred thousands digit of 6627966966?
9
What is the hundred thousands digit of 213449878?
4
What is the hundred thousands digit of 316960999?
9
What is the hundreds digit of 116328165?
1
What is the thousands digit of 131837913?
7
What is the hundreds digit of 21259131?
1
What is the billions digit of 7494644067?
7
What is the tens digit of 228441469?
6
What is the units digit of 237384346?
6
What is the millions digit of 77021296?
7
What is the hundreds digit of 673922768?
7
What is the ten thousands digit of 80426304?
2
What is the hundreds digit of 370449527?
5
What is the ten thousands digit of 2497301?
9
What is the millions digit of 107650194?
7
What is the hundreds digit of 1701827085?
0
What is the thousands digit of 1153625895?
5
What is the hundred millions digit of 152309638?
1
What is the ten thousands digit of 47153428?
5
What is the millions digit of 35794356?
5
What is the units digit of 1143075862?
2
What is the ten thousands digit of 43113370?
1
What is the hundred thousands digit of 32842550?
8
What is the thousands digit of 2261251090?
1
What is the hundred thousands digit of 241530211?
5
What is the hundreds digit of 430823435?
4
What is the tens digit of 2041788354?
5
What is the tens digit of 55005398?
9
What is the tens digit of 489277308?
0
What is the millions digit of 1408544705?
8
What is the billions digit of 1217026520?
1
What is the tens digit of 68898788?
8
What is the tens digit of 2991346?
4
What is the units digit 